*u = -2*u - 4. Suppose -u*q + 0*q + 56 = 0. What is the tens digit of q?
2
Let o(v) = -71*v - 25. What is the hundreds digit of o(-4)?
2
Let z be 0 + (-6)/(-2) - 2. Let l = 8 + z. What is the units digit of l?
9
Let y(w) = -w + 2. Let b be y(8). What is the units digit of (2 + 14/b)*-21?
7
Suppose -3*x = 2*q - 12, -4*q = q. Suppose -x*n + 42 = 2. Suppose 3*z - 5*b = n, -4 = 4*z - 2*b - 36. What is the units digit of z?
0
Suppose -3*r + 217 = 28. Suppose -r = -7*p + 4*p. What is the units digit of p?
1
Let i be -1 - (-10 + 9/3). Suppose 4*m - 5*m + 19 = 3*j, 2*j = m + i. What is the units digit of j?
5
Suppose 0 = 2*v - 4 + 2. Let n be 6/(-21)*(v + -8). Suppose -n*z + 10 = 4*p, -5*z + 4*p = -36 - 45. What is the units digit of z?
3
Let b be 4 - (9/(-3))/3. Suppose 5*n + 51 = z, z - 2*z = b*n + 49. What is the units digit of n/3*(-12)/8?
5
Suppose 4*k + 26 - 222 = 0. What is the tens digit of k?
4
Let j(s) = -6 - 3 - 10*s + 3. Let d be j(-6). Suppose 5*n - d = -19. What is the units digit of n?
7
Suppose 7*s - 8 = 11*s. Suppose 3*r = -g, -3*r = 3*g - 8 - 4. Let x = s + g. What is the units digit of x?
4
Let r(a) = a - 9. Let s be r(8). Let i(f) = -f**2 + f + 1. Let j(d) = -d**2 - 8*d + 5. Let u(n) = s*j(n) + 2*i(n). What is the units digit of u(9)?
6
Suppose -3*l + 59 = 3*c - 8*c, 3*c = 15. What is the tens digit of l?
2
Let t = -72 + 150. What is the tens digit of t?
7
Let l = -3 + 8. Let p(u) = -2*u**3 - 6*u**2 + 2*u + 12. Let d be p(-4). Suppose 3*t - d = y + 2*y, -4*y - 61 = -l*t. What is the units digit of t?
3
Let y(x) = 2*x. Let n be y(1). Suppose 4 = -3*v - 3*c - n, 3*c + 4 = -4*v. Let z(t) = t**3 - 2*t - 1. What is the units digit of z(v)?
3
Let t = 133 + -45. What is the tens digit of t?
8
Suppose q = -3*q + 8. Let o(w) = 2*w - 10*w + q*w - 1 + w**2. What is the units digit of o(7)?
6
Let p(t) = -t**2 - 5*t - 5. Let z be p(-5). Let u(n) = n**2 + 4*n - 6. Let x be u(z). Let r = x - -3. What is the units digit of r?
2
Let g(z) = -3*z - 11. Let q(j) = 3*j + 10. Let a(b) = -5*g(b) - 6*q(b). Let n(i) = -3*i - 4. Let c(u) = 5*a(u) - 6*n(u). What is the units digit of c(3)?
8
Suppose -50 = 4*t - 9*t. What is the tens digit of t?
1
Let d = -6 - 3. Let a = d - -11. What is the units digit of a?
2
Suppose 7*o - 2*o - 5*a - 75 = 0, 2*a = 5*o - 69. What is the tens digit of o?
1
Let f = 51 + -31. Suppose 5*o - f = 4*o. What is the tens digit of o?
2
Let k = 4 + -8. What is the units digit of (-302)/(-18) - k/18?
7
Suppose 7*s = -5*s + 1476. What is the tens digit of s?
2
Let i be 1 + 3 + 4 + -4. Suppose 4*l = -3*t + 67, 0 = -3*l - 2*t + i*t + 63. What is the units digit of l?
9
Let m be 44/12 - (-1)/3. Suppose -p + 10 = m*p. Suppose -3*f = 6, p*g + 5*f - 22 = -2*g. What is the units digit of g?
8
Suppose -w + 16 = 3*w. Let i be (9/6)/((-129)/(-60) - 2). Suppose 2*q = w*q - i. What is the units digit of q?
5
Suppose 2*x = -2*x + 16. Suppose 0 = -q - x + 34. Suppose -4*n = -9*n + q. What is the units digit of n?
6
Let x(n) = -8*n - 17. Let p be x(-8). Let v = p + -30. What is the units digit of v?
7
Let j(u) = u**3 + 9*u**2 - 13*u - 14. Let c = 15 - 25. What is the tens digit of j(c)?
1
Let v(t) = -t**2 + 10*t + 1. Let h = -1 - -1. Let y(d) = -d**3 - d**2 + 9. Let x be y(h). What is the units digit of v(x)?
0
Let d = 9 - 6. Let c = d - -18. Suppose l + 2*l + 8 = p, 4*p - l = c. What is the units digit of p?
5
Suppose 113 = 2*m - 3*g, 0 = -7*m + 3*m - 4*g + 276. What is the units digit of m?
4
Let g(h) = -h + 10. Suppose -m - 2*m - 22 = 5*a, -11 = 2*a - m. Let j = a - 3. What is the units digit of g(j)?
8
Let k = 186 - 63. What is the units digit of k?
3
Suppose -3*k + 100 = 22. What is the tens digit of k?
2
Suppose -4*s + 21 = -615. What is the tens digit of s?
5
Suppose a = 2*c - 596, -5*a - 246 = -c + 34. What is the hundreds digit of c?
3
Let g = 4 + 0. Let o(y) = -2*y + 2. Let j(t) = t - 1. Let i(m) = -11*j(m) - 6*o(m). What is the units digit of i(g)?
3
Let t = 10 - 8. Suppose 0*a + t*a - 12 = 0. What is the units digit of a?
6
Suppose -3*c + 434 = 11*c. What is the tens digit of c?
3
Let g = 11 + -12. What is the tens digit of ((-18)/g - -1) + 0?
1
Let r = 15 - 9. Let k(t) = -5*t**3 - 10*t**2 + 5*t - 12. Let a(v) = v**3 + v**2 - v + 1. Let w(b) = r*a(b) + k(b). What is the units digit of w(5)?
4
Suppose 6*k - 2*k = 16. Suppose -3 = h - k. What is the units digit of h?
1
Let t(p) = p**2 + 6*p - 3. Let b be t(-6). Let k(w) = -4*w. What is the units digit of k(b)?
2
Suppose 6*s = -21 + 165. Suppose -s - 14 = -x. What is the tens digit of x?
3
Let j(w) be the second derivative of -w**3/3 - 3*w**2/2 - 2*w. Let r be j(-2). What is the units digit of 8/r - (-2 + 1)?
9
Suppose -j - 108 = -3*j - 5*t, 157 = 3*j + 5*t. Let c = j + -20. What is the units digit of c?
9
What is the units digit of (-12)/42 + 1*46/14?
3
Let b(s) = s**3 - 7*s**2 - 6*s + 2. What is the units digit of b(8)?
8
Suppose -10*n - 5*r - 609 = -12*n, 5*n - 5*r - 1515 = 0. What is the tens digit of n?
0
Let n(q) = q + 1. Let p be n(2). Suppose -2*h + p*h - 3 = 0. Suppose h*o = 4*o - 4. What is the units digit of o?
4
Let p = -9 + 5. Let m(i) = -3 + 3*i + i**2 + 5*i - 9*i + 0. What is the units digit of m(p)?
7
Let s = 8 - 5. Suppose 2*n + 82 = 2*h, s*h - 2*n = -n + 129. What is the tens digit of h/(-6)*(-9)/6?
1
What is the units digit of -5 - -2 - (2*-1 + -204)?
3
Suppose -103 = -2*c + 5*k + 37, 3*c - 5*k = 205. What is the tens digit of c?
6
Suppose 3*x + 10 = 4*h, -3*x = -2*h + 2 - 0. Suppose 3 + 17 = 5*n, 36 = -h*z + n. Let d = 19 + z. What is the tens digit of d?
1
Let i = 19 - 14. Suppose 2*b - 7*k + 2*k = 27, i*k = 5*b - 105. What is the units digit of b?
6
Let i be 10/(-4)*(-12)/10. Let k = 4 + -2. Suppose o - i*o = -k. What is the units digit of o?
1
Let p(v) = v**3 - 3*v**2 - 3*v - 1. Let k be p(4). Suppose -k*o = 9 - 57. What is the tens digit of o?
1
Suppose -41 = -3*q + 157. What is the tens digit of q?
6
Let r(b) = 21*b + 13. What is the units digit of r(4)?
7
Suppose -2*k = 4*d - 1112, -5*k + 159 = 3*d - 661. What is the tens digit of d?
8
Let g be 5*1/5*-8. Let t = 13 + g. What is the units digit of t?
5
Let r(t) = t**3 - 9*t**2 - 2*t + 4. Let n be r(9). Let p = n + 67. What is the units digit of p?
3
Suppose 3*v + 2*v = -4*g + 14, 2*g - 3*v + 4 = 0. Let n = 15 + g. What is the units digit of n?
6
Suppose 16 - 52 = 3*y. What is the units digit of (-8)/(-28) + y/(-7)?
2
What is the tens digit of (-6 + 4)*(-45)/6?
1
Suppose -3*x + 216 = x. What is the tens digit of x?
5
Suppose 3*a - 2 - 4 = 0. Suppose z + 4*n + 12 + 5 = 0, -4*z - 2*n = -a. Suppose -z*o + 4*o - 36 = -3*t, 3*o = 4*t - 35. What is the tens digit of t?
1
Let m be 0/2 + (1 - 3). Let d be (3/m)/(5/(-10)). What is the units digit of d + 1/((-1)/(-6))?
9
Let f(b) = -b**2 - 10*b + 12. What is the tens digit of f(-10)?
1
Let x(h) = 4*h**2 + 6*h - 18. What is the hundreds digit of x(6)?
1
Let n = -6 + 10. Suppose 0 = 2*g + i - 28 - 9, g - 36 = -n*i. What is the tens digit of g?
1
What is the units digit of 2 + (-2 + -92)/(-2)?
9
Let a be (-1)/2*(1 + -5). Suppose 2 = -2*s, 0*s + 15 = a*b - 3*s. What is the units digit of b?
6
Let v(h) = -h**2 + 5*h + 1. Let a be v(6). Let d be 1/(-1) - (-21)/7. Let s = d - a. What is the units digit of s?
7
Suppose 0 = -p - 3 - 2. Let d = 19 - p. What is the tens digit of d?
2
Let s = -15 - -9. Let j(r) = -r**2 - 10*r - 5. What is the units digit of j(s)?
9
What is the tens digit of (-4)/22 - (-1346)/22?
6
Let l = 41 - -39. What is the tens digit of l?
8
Suppose 3*w - 139 = -4*x, 50 = -0*w + w + 5*x. What is the tens digit of w?
4
What is the hundreds digit of (-8)/20 - (-7096)/40?
1
Let j(b) = -b**2 + 8*b + 1. Let w be j(8). What is the units digit of w + -1 + (1 - -2)?
3
Suppose 0 = 4*t - 2*t. Suppose t = -5*m + 26 + 4. What is the units digit of m?
6
Let s(x) = 2*x - 2. Let t be s(2). Let h be (13 - 7) + (-1 - 0). Suppose t*z = -0*f + 4*f - 8, -2*f - h*z = -28. What is the units digit of f?
4
Let w(f) = f**3 - 16*f**2 + 28*f + 12. What is the tens digit of w(14)?
1
Suppose -2*u + 3*h + 7 = -u, -4*u + 18 = -2*h. What is the units digit of (-55)/(-10) + 6/u?
7
Suppose 0 = 2*t - 0 - 6. Suppose 45 = 2*x + t*x. What is the units digit of x?
9
Let p(m) = m**2 - 1. Let o be p(-2). 